4 + i**3/6 - 3*i**2/2 - 3327*i. What are the prime factors of p(m)?
5, 31
List the prime factors of (142152500/360)/35 - 1/(-18).
2, 5641
List the prime factors of 40/(-32) + (-2935072)/(-128).
3, 7643
Let x be 117 + (-2 - 3 - -4). Let l be 0 + 0 + (-185)/5. Let c = x + l. List the prime factors of c.
79
Let u = 78 + -143. Let x = -57 - u. What are the prime factors of (-388)/x*(-1 + -1)?
97
Let b(m) = m**3 + 6*m**2 - 4*m - 21. Let g be b(-6). Suppose 0 = 3*x - g - 9. Suppose -1 = x*h - 325. What are the prime factors of h?
3
Let w be (-4)/(-16)*(-773 + 1). Let c = w + 403. List the prime factors of c.
2, 3, 5, 7
Let m = -46 + 40. Let y = m + 257. List the prime factors of y.
251
Let n(x) = -x**2 - 17*x - 84. Let m be n(-9). Let k(a) = -70*a + 33. What are the prime factors of k(m)?
3, 97
Let u = -76 - -79. List the prime factors of u/(1 - -14) - 432/(-15).
29
Let o(f) = 5*f**2 - 2*f + 26. Let l = 84 - 76. Let r be o(l). Let b = r - 172. List the prime factors of b.
2, 79
Suppose 282 = -8*i - 30. Let p be 28/(-12) - -3 - i/9. Suppose -p*x + 22 = -13. List the prime factors of x.
7
What are the prime factors of (-36)/(11 + 57470/(-5224) - 0)?
2, 3, 653
Suppose -3*z = 4*b - 18055, 0 = -5*b + 8*b - 3. List the prime factors of z.
11, 547
Let u = 11 + -4. Let q = u - 15. Let b = q - -78. List the prime factors of b.
2, 5, 7
Suppose -2*x - 128 = -4*j, 346 = -2*x - 3*x - 3*j. Let i = x - -32. List the prime factors of (-8)/i + 232/9.
2, 13
What are the prime factors of (-7576738)/(-143) + (15/20)/(33/(-8))?
2, 37, 179
Let h = -13880 + 27129. List the prime factors of h.
13249
Let w = -484 + 490. What are the prime factors of (-2)/w - (-7 - (-8300)/(-15))?
2, 5, 7
Let z be 1*-4 - (-1)/((-1)/2). List the prime factors of -6*1/(2/z).
2, 3
Let w be (-54)/(-15) + (-3)/(-45)*6. Let m(k) = 13*k**3 - 5*k**2 + 10*k - 38. What are the prime factors of m(w)?
2, 13, 29
Let v = -120 + 136. What are the prime factors of (-114)/8*v*(-11 - -10)?
2, 3, 19
Let s be (((-4568)/(-10))/2)/((-51)/(-6120)). Suppose -s = 2*q - 26*q. What are the prime factors of q?
2, 571
Suppose -10 = -2*b - 0. Suppose 10 - 30 = -b*d. List the prime factors of (d - 5)*(-5)/((-15)/(-27)).
3
Suppose 2*w = 4*m + 76, -2*w + 4*w = -4*m + 108. Suppose -9*f - 35 - w = 0. Let k = 42 - f. What are the prime factors of k?
3, 17
Let l = -21 - -14. Let k be -1 + l - (2 + -6). What are the prime factors of (-34)/k*72/12?
3, 17
Suppose -5*a + 2*b = -94679, 61843 = 5*a - 6*b - 32844. What are the prime factors of a?
5, 7, 541
Let w(r) = -r**2 - 11*r + 14. Let f be w(-12). Suppose j = -f*j - 5*s + 600, 0 = 4*j + 5*s - 800. Suppose -136 - j = -4*p. List the prime factors of p.
2, 3, 7
Let k = -423 - -636. Let u = -121 + k. List the prime factors of u.
2, 23
What are the prime factors of 9/27*(-5149)/1*-3?
19, 271
Let i(y) = -34*y**2 + 26*y - 17. Let u be i(-8). Let v = -1100 - u. What are the prime factors of v?
1301
Suppose 4*l + 4*h = 5*l + 14, -3*l = 4*h - 22. What are the prime factors of 68/(-8)*l*-23?
17, 23
Let l(c) = 2*c**2 - 14*c + 1. Let j be l(11). Suppose -j*r + 83*r = -1260. What are the prime factors of r?
2, 3, 5, 7
Suppose h = -3*b + 17, -2*h = 3*b - 11 - 26. Let r = 92 + -76. Suppose h = 2*k - r. What are the prime factors of k?
2, 3
Suppose 2553810 = -98*o - 59*o + 227*o. List the prime factors of o.
3, 12161
What are the prime factors of (-278)/1251 - (-431626)/18?
3, 7993
Suppose -u = 58 - 61. Suppose b + 1 = 0, 38 = c - u*b - b. List the prime factors of c.
2, 17
Let y(d) = -5*d**3 + 20*d**2 + 19*d - 36. Let r(l) = 11*l**3 - 39*l**2 - 39*l + 72. Let q(c) = 3*r(c) + 7*y(c). What are the prime factors of q(11)?
3, 29
Suppose 3*z - k = 53083, -3*z - 123*k + 53091 = -120*k. List the prime factors of z.
5, 3539
Let t(v) = 11*v - 13. Let y(c) be the second derivative of -7*c**3/2 + 25*c**2/2 + 16*c. Let p(q) = -11*t(q) - 6*y(q). What are the prime factors of p(10)?
43
Let r = 1015 - -1056. List the prime factors of r.
19, 109
Suppose 0 = 2*p + 2*k + 18, 0 = -2*p + 5*p - 5*k + 3. Let v(t) be the second derivative of 7*t**4/12 + t**3/3 + 7*t**2/2 + 3*t. List the prime factors of v(p).
13, 19
Let k(o) = 5501*o**2 + 66*o + 30. What are the prime factors of k(3)?
3, 59, 281
Let s(n) = -91*n**3 + n**2 - 177 - 3*n + 354 - 181. List the prime factors of s(-2).
2, 367
Suppose d = -3*p + 14046, 4*p - 2*p - 9365 = -d. Suppose 5*o - 2*t = p, -6*o + 10*o - 5*t = 3755. List the prime factors of o.
5, 11, 17
Let s(v) = v**3 + 7*v**2 - 20*v - 25. Let t be s(-9). Let a(h) = 11*h**2 - 9*h + 23. What are the prime factors of a(t)?
5
Let g = 291 - 126. Let t = g - -150. What are the prime factors of t?
3, 5, 7
Let g(y) = -y**3 - 7*y**2 - 16*y + 16. Let u be g(-16). Suppose -5*l = 23*p - 24*p - u, -511 = -l - 4*p. What are the prime factors of l?
5, 103
Suppose 38*t - 33*t - 315 = 0. Let o = t - 65. List the prime factors of (o - -1)*(-77 + 6).
71
What are the prime factors of (8 + -7 - -10) + 48825?
2, 29, 421
Let m(c) be the second derivative of c**3/2 + 9*c**2 - 32*c. Let l be m(6). List the prime factors of l/24*(-430)/(-3).
5, 43
Suppose -148 + 156 = 2*h. Suppose 0 = -2*c - h*u - 2*u + 520, 4*c + 3*u - 1085 = 0. What are the prime factors of c?
5, 11
Let f(p) = -2374*p + 762. List the prime factors of f(-8).
2, 7, 17, 83
Suppose 1 - 40 = -13*h. What are the prime factors of (12/8)/h*88 + 3?
47
Let o = 15312 + -7164. List the prime factors of o.
2, 3, 7, 97
Let m(p) = 77*p - 47. Let l be m(11). Let c = l - 454. What are the prime factors of c?
2, 173
Let d(p) = -33*p - 226. Let r be d(-7). Suppose 4989 = 4*b + r*y, 2*y - 4979 = -4*b - y. List the prime factors of b.
17, 73
Let x = 20054 - 11962. What are the prime factors of x?
2, 7, 17
Suppose a + 2*h = 7653, -5*a = 73*h - 75*h - 38277. What are the prime factors of a?
5, 1531
Let x be 1 + 3 - -5*2/(-5). Suppose -x*g + 1543 = q, 2563 + 1332 = 5*g - 5*q. What are the prime factors of g?
2, 3, 43
Let g = 134 - 134. Suppose 10*n - 7*n - 1188 = g. What are the prime factors of n?
2, 3, 11
Suppose -15*x - 8320 = 11045. Let u = x + 2261. What are the prime factors of u?
2, 5, 97
Suppose -u + 8 - 11 = 0. Let m be ((-2)/(-3))/(u/((-4554)/4)). Suppose -66 + m = 4*h - 5*p, 0 = 5*p + 15. List the prime factors of h.
43
Let z = 6 - 12. What are the prime factors of (-5 + (-219)/(-15))*(-20)/z?
2
Let j be 140/84 - (-2)/6. Suppose -5*z + 0*s = -j*s - 1918, z - 366 = -4*s. What are the prime factors of z?
2, 191
Suppose 40*n - 38*n = -2*a + 15128, -10 = -2*a. What are the prime factors of n?
7559
Suppose -216 - 576 = -6*p. Let l be 8/p*-3 - (-35)/11. Suppose -3*w + 5 = -4, l*w + 296 = 5*t. List the prime factors of t.
61
Let u be -6*(-1 - 2/(-6)). Suppose 522 = 7*n + 2*n. Let b = n + u. List the prime factors of b.
2, 31
Let c(p) = 90*p**3 + 8*p**2 - 13*p + 85. Let k be c(6). Suppose 15*y - k = -415. What are the prime factors of y?
2, 7, 23
Suppose 3*z = -3*v - 1398, -6*v + 9*v = 5*z + 2306. Let f = z - -483. List the prime factors of f.
2, 5
Let x = 4156 + 10326. Suppose 0 = 46*w - x - 3734. List the prime factors of w.
2, 3, 11
Let n(z) = -3*z**3 + 386*z**2 + 277*z + 23. List the prime factors of n(129).
5, 3823
Suppose 0 = -0*x - 4*x - 8, -5*x - 55 = -3*a. Let p be 51/a + 1/(5/(-2)). Suppose 18 = r - 2*f, -r + p*f = -4*r + 18. What are the prime factors of r?
2, 5
Suppose -2*c - 4*w + 20 = -2, 3*w = -2*c + 17. What are the prime factors of c - (-921 - -1) - 2?
919
Let b(n) = -2*n**3 + 91*n**2 + 220*n + 11. List the prime factors of b(28).
19, 29, 61
Let l(c) = c**2 + 13*c + 12. Let j be l(-12). Suppose j*z = 3*z + z. What are the prime factors of z + 1 + (2 - -125)?
2
Let k = -5115 - -12080. What are the prime factors of k?
5, 7, 199
List the prime factors of 147/14*(-7)/(7/(-2026)).
3, 7, 1013
Let b(i) = 11*i**3 + 7*i**2 + 18*i + 8. What are the prime factors of b(7)?
2, 5, 17
Suppose 2*w = 5*b - 5206 - 19006, 0 = 5*w + 5. List the prime factors of b.
2, 3, 269
Suppose -5*o + 9100 = 16*d, d = 3*d. List the prime factors of o.
2, 5, 7, 13
Let k(h) = 146*h**3 - 9*h**2 + 9*h. Let c(r) = r**2 + r - 1. Let f be c(-2). What are the prime factors of k(f)?
2, 73
Let y = -3037 + 4706. Let i = y - 727. What are the prime factors of i?
2, 3, 157
Let k = 65566 + -45440. Lis